2)*-4. List the prime factors of u/2 - (-2 - -4).
2, 5
Let p = 104 - 66. What are the prime factors of p?
2, 19
Suppose -5*n + 32 = -63. Let w = 4 + -2. Suppose w*p - 3 = -v, -2*v + p + 2 + n = 0. What are the prime factors of v?
3
Suppose -313 = -5*k - 58. What are the prime factors of k?
3, 17
Let p = 104 + -65. List the prime factors of p.
3, 13
Let t(b) = b**3 - 3*b**2 - 4*b + 4. Let u be t(4). Suppose k = 3*p + 70 - 28, -u*p - 151 = -3*k. Suppose k = 5*z - 43. What are the prime factors of z?
2, 5
Suppose 16*m = 15*m + 51. List the prime factors of m.
3, 17
List the prime factors of -3 - (1 - (215 - 5)).
2, 103
Suppose -21*w + 19*w + 334 = 0. What are the prime factors of w?
167
Let b(u) = 2*u - 1. Let a(p) be the second derivative of 5*p**3/3 - 5*p**2/2 - p. Let l(y) = -4*a(y) + 22*b(y). What are the prime factors of l(2)?
2, 3
Suppose 5*n - 5 = 0, 48 = -5*z - 3*n + 296. What are the prime factors of z?
7
Let y(x) = -8*x + 18. What are the prime factors of y(-10)?
2, 7
Suppose 4*u - m + 3 = -2, 10 = -3*u + 2*m. Suppose -2*n = -5*n + 3*s + 291, u = n - 5*s - 97. What are the prime factors of 1/(-6) - n/(-6)?
2
Let a(o) = 29*o + 42. List the prime factors of a(4).
2, 79
Let w = -20 - -34. List the prime factors of (-2)/(-3)*357/w.
17
Let d(l) be the first derivative of -10*l**3/3 + l - 1. Let z be d(-1). List the prime factors of (-16)/(-3)*z/(-6).
2
Suppose 2*a - 4*g = 96, -3*g + 12 = -6*g. Suppose -5*t + 5*q + 65 = -a, -2*t - 2*q = -46. List the prime factors of t.
2, 11
Suppose 0 = -5*j + 332 - 112. Let f = j - 15. What are the prime factors of f?
29
Let y(p) = -p - 11. Let u be y(-11). Suppose 4*v = -b - 8, 0 = -u*v - 4*v - 20. List the prime factors of b.
2, 3
Suppose 0 = 5*q - 3 - 22. Suppose -4*v = q*n - 5, 2*n - 3 = -3*v - 2*n. Let o(x) = 2*x + 3. List the prime factors of o(v).
13
Let p = 366 + -76. What are the prime factors of p?
2, 5, 29
Let a = -8 + 13. Suppose j - 7 = -a*i + 35, -5*j = -5*i + 30. Let s(x) = -x**2 + 10*x. List the prime factors of s(i).
2
Let z(m) = 2*m. Suppose -2*p - 3 = 1. Let a = 6 + p. What are the prime factors of z(a)?
2
Let f be (-2)/3*6/4. Let z = 0 + f. Let b = 10 - z. What are the prime factors of b?
11
List the prime factors of (8*-1)/((-8)/44).
2, 11
Suppose 3*w + 3*g = 138, 0 = -2*w - w - g + 142. What are the prime factors of w?
2, 3
Let s(z) = 2*z**3 - 12*z**2 + 8. List the prime factors of s(8).
2, 3, 11
Let q = 1 - -6. Let y be 5*q/(70/24). What are the prime factors of (9/(-5))/(y/(-40))?
2, 3
Suppose 0 = 5*z - 223 - 77. What are the prime factors of z?
2, 3, 5
Let i = 89 - 56. List the prime factors of i.
3, 11
List the prime factors of (6 + -7)/((-2)/18).
3
Let c(f) = -f**2 - 9*f - 5. Let s be c(-9). Let g(x) = x**3 + 6*x**2 + 6*x + 1. Let u be g(s). What are the prime factors of (-5)/2*(2 + u)?
5
Suppose 5*q - 4*g + 21 = -g, 2*q - 3 = 5*g. Let z(y) = -y - 2. List the prime factors of z(q).
2
Suppose 22*w = 9*w + 897. List the prime factors of w.
3, 23
Suppose -4*t = 5*j - 459, 3*t - t - 2*j - 252 = 0. What are the prime factors of t?
11
Suppose 4*b + 11 = 27. Suppose -3*z + 35 = b*h, 0*h + 5*h + 37 = z. What are the prime factors of z?
17
List the prime factors of 410/18 - 6/(-27).
23
Let s = -109 + 196. List the prime factors of s.
3, 29
Let a be (-5)/(-2)*16/10. Suppose -a*d - 32 + 140 = 0. Suppose -2*q = q - d. List the prime factors of q.
3
Suppose -z = -5*z + 804. List the prime factors of z.
3, 67
Suppose 4*s - 2 + 4 = t, -2*t + 3*s + 19 = 0. Let x(o) = -o - 15. Let p be x(-12). Let r = t + p. What are the prime factors of r?
11
Let a(m) be the third derivative of m**6/120 + m**5/15 - m**4/6 + 7*m**3/6 - m**2. Suppose -3*r - 19 = -4. List the prime factors of a(r).
2
Let r(f) = -f**2 - 14*f + 4. Let d(v) = 2*v**2 + 28*v - 8. Let q(i) = -6*d(i) - 11*r(i). List the prime factors of q(-14).
2
Let n be 3/(-6)*6*-28. Suppose -4*s - 1 = 2*z - 65, -4*s + 3*z = -n. List the prime factors of s.
2, 3
Let y(o) = 31*o**2 - 15*o. Let d(x) = -15*x**2 + 7*x. Let h(n) = -13*d(n) - 6*y(n). What are the prime factors of h(-1)?
2, 5
Let r(j) = j - 3 + 1 + 2*j. Let k be r(2). Let g = k - 2. What are the prime factors of g?
2
Let c = -2 - -7. Suppose 5*v + 7 = 5*u - 128, -c*u + 127 = 3*v. Suppose -5*t + u = -14. List the prime factors of t.
2
Let o(g) = 4*g - 10. Suppose 5*f - 13 = 2. What are the prime factors of o(f)?
2
Suppose -5*c = -5*x - 1 - 34, x + 4 = 0. Suppose -c*j + s - 89 = -5*j, 3 = s. What are the prime factors of j?
43
Suppose -3*g + 0*g = 3. Let x(p) = 3*p**3 + p**2 - 1. Let m be x(g). Let h(l) = -l**3 - l**2 + 3*l - 1. List the prime factors of h(m).
2
Suppose -12 = 4*u + 20. Let k(a) = a**2 + 8*a + 15. List the prime factors of k(u).
3, 5
Let f = 11 + 3. What are the prime factors of 4/f + 24/14?
2
Let v(u) = u**3 - 10*u**2 + 12*u + 12. List the prime factors of v(9).
3, 13
Let w = 625 + -427. What are the prime factors of w?
2, 3, 11
Let l be (9/3)/3 + 3. Suppose 30 = l*x - x. List the prime factors of x.
2, 5
Suppose -o - 4 + 8 = 0. List the prime factors of o.
2
Suppose -5 = -2*a + 49. List the prime factors of a.
3
Let j = -8 + 18. Let h = 17 - j. List the prime factors of h.
7
Let q(s) = -s**3 - 8*s**2 - 8*s. Let f be (42/((-9)/3))/2. Let c be q(f). Let m = 10 + c. List the prime factors of m.
17
Suppose -5*j + 12 = -13. Suppose 2*b = -2*h + 42, 4*b = j*h - 0*b - 105. What are the prime factors of h?
3, 7
Suppose -168 = -4*z - 0*z. What are the prime factors of z?
2, 3, 7
Suppose 5 = 2*y + 1. Suppose y*o - 7 = o. Suppose -2*u = -u - o. List the prime factors of u.
7
Suppose v + 0*q - 47 = -5*q, v - 87 = 3*q. List the prime factors of v.
2, 3
Let s(k) = 3*k - 6. Let q(a) = -2*a + 6. Let i(z) = 5*q(z) + 4*s(z). What are the prime factors of i(6)?
2, 3
Let y(h) = -3*h**2 - 5*h + 12. Let k(l) = l**2 - 1. Let t(j) = 4*k(j) + y(j). Let r be t(6). List the prime factors of r/(-21) + 70/6.
11
Let l(i) = -i**2 + 16*i - 5. List the prime factors of l(7).
2, 29
Let i(u) be the first derivative of 2*u**3/3 + 7*u**2/2 + 7*u + 2. Let j be i(-5). Let b = -16 + j. What are the prime factors of b?
2, 3
Suppose 4*f + 36 = 3*k - k, 2*k + 3*f - 8 = 0. Suppose 0 = -l + 6*l - k. Suppose -17 - 19 = -l*w. What are the prime factors of w?
2, 3
Let i = 92 - 3. Suppose -101 = 5*d + i. Let j = d + 54. List the prime factors of j.
2
Let r be -1*-1*(-2 + 7). Suppose -r*s - 1 = -6. Suppose v = 2*o + 10, o - s = -0. List the prime factors of v.
2, 3
Let n be (-1 + 2 - 2) + 18. Let y = n - 1. List the prime factors of y.
2
Let q(y) = y + 8. Let n be q(-4). Suppose -17 = 3*t + n*u - 0*u, -27 = -2*t + 5*u. List the prime factors of 4/6*24*t.
2
Let q(z) = z**3 + 7*z**2 + z - 5. Let x be q(-6). Suppose n + 1 - x = 0. Suppose h = 3*h - n. List the prime factors of h.
2, 3
Suppose -n = -6*n. Suppose -3*i + n = -6. Suppose -3*p = 0, 5*p - 19 - i = -3*b. List the prime factors of b.
7
Let f(c) = c**3 - 9*c**2 + 2*c - 11. What are the prime factors of f(9)?
7
Let q = 20 + -35. Let w = q + 22. What are the prime factors of (-7)/(w/(-10)) + -1?
3
Suppose 4*s + 5*r = 51, s - 5*s - 3*r + 45 = 0. Suppose 4*b + s = -3. List the prime factors of 0*b/6 + 15.
3, 5
Suppose h = 1 + 10. Let g = h + 7. List the prime factors of g.
2, 3
Let g(i) = i**2 + 13*i + 3. Let z be g(-14). List the prime factors of (-2 - -2 - 3) + z.
2, 7
Suppose -h + 5*h = 108. List the prime factors of h.
3
Let k(b) = b**2 + 7*b - 6. Let t(c) = -c**2 - 6*c + 6. Let h(a) = -2*k(a) - 3*t(a). What are the prime factors of h(-7)?
3, 5
Let g = 80 + -48. Suppose 0 = 3*j + j - g. What are the prime factors of j?
2
Let u(k) = -9*k - 10. What are the prime factors of u(-14)?
2, 29
Let l = -12 + 9. List the prime factors of (7 - -3 - l) + 1.
2, 7
Suppose 0 = -o - 5, 5*o + 6 = -3*w + 2. List the prime factors of w.
7
Let y = 3 - 3. Suppose y = -q - 4*q + 25. Suppose 0 = -4*a + 5*r + 42, -4*r = q*a - 29 - 3. List the prime factors of a.
2
Let j(t) = t**3 + 9*t**2 + 10*t + 2. Let f be j(-7). Let z be f/(-4)*12/(-15). Let i = 21 - z. What are the prime factors of i?
3, 5
Let l(j) = j**2. Let s be (-2)/5 + (-39)/15. What are the prime factors of l(s)?
3
Let x = -2 - -2. Suppose x = 4*d - 5*f - 40, -f + 7 = 3*d + f. Let i = -1 + d. List the prime factors of i.
2
What ar